 the prime factors of 188416.
2, 23
List the prime factors of 2792359.
67, 71, 587
What are the prime factors of 2241753?
3, 19, 67, 587
List the prime factors of 5129791.
19, 37, 7297
List the prime factors of 1240899.
3, 11, 31, 1213
What are the prime factors of 284172?
2, 3, 7, 17, 199
What are the prime factors of 597605?
5, 47, 2543
List the prime factors of 1201446.
2, 3, 19, 1171
List the prime factors of 1627188.
2, 3, 135599
What are the prime factors of 678408?
2, 3, 23, 1229
What are the prime factors of 5280783?
3, 1760261
What are the prime factors of 278664?
2, 3, 17, 683
What are the prime factors of 3576396?
2, 3, 29, 43, 239
List the prime factors of 102864.
2, 3, 2143
List the prime factors of 37103726.
2, 11, 167, 10099
What are the prime factors of 8629651?
8629651
List the prime factors of 21710486.
2, 7, 503, 3083
List the prime factors of 47740.
2, 5, 7, 11, 31
List the prime factors of 21164848.
2, 619, 2137
List the prime factors of 503495.
5, 100699
List the prime factors of 176275.
5, 11, 641
What are the prime factors of 975750?
2, 3, 5, 1301
List the prime factors of 1259363.
7, 179909
List the prime factors of 793282.
2, 7, 56663
What are the prime factors of 377176?
2, 47147
What are the prime factors of 1912397?
733, 2609
What are the prime factors of 43430?
2, 5, 43, 101
List the prime factors of 6460603.
6460603
What are the prime factors of 13147999?
31, 424129
List the prime factors of 1758863.
1758863
What are the prime factors of 27579?
3, 29, 317
List the prime factors of 299723.
299723
List the prime factors of 7898.
2, 11, 359
List the prime factors of 1376566.
2, 113, 6091
What are the prime factors of 3196?
2, 17, 47
List the prime factors of 15885299.
31, 512429
List the prime factors of 1956978.
2, 3, 23, 29, 163
List the prime factors of 738800.
2, 5, 1847
List the prime factors of 112254.
2, 3, 53, 353
List the prime factors of 33656815.
5, 6731363
What are the prime factors of 9168323?
2251, 4073
What are the prime factors of 831974?
2, 11, 13, 2909
List the prime factors of 408607.
408607
List the prime factors of 2990111.
359, 8329
List the prime factors of 6559394.
2, 29, 113093
List the prime factors of 2285329.
2285329
What are the prime factors of 5573093?
17, 327829
What are the prime factors of 17678899?
7, 2525557
What are the prime factors of 7599682?
2, 29, 283, 463
List the prime factors of 6129018.
2, 3, 7, 6949
List the prime factors of 342750.
2, 3, 5, 457
What are the prime factors of 25919948?
2, 331, 19577
List the prime factors of 2820460.
2, 5, 141023
What are the prime factors of 4092339?
3, 733, 1861
List the prime factors of 753195.
3, 5, 149, 337
What are the prime factors of 2224880?
2, 5, 7, 29, 137
List the prime factors of 873587.
11, 13, 41, 149
List the prime factors of 182858.
2, 13, 541
List the prime factors of 106068.
2, 3, 8839
List the prime factors of 123071.
13, 9467
What are the prime factors of 767994?
2, 3, 31, 4129
List the prime factors of 514704.
2, 3, 10723
List the prime factors of 189023.
17, 11119
List the prime factors of 2980066.
2, 17, 87649
List the prime factors of 1405907.
73, 19259
List the prime factors of 131297.
131297
List the prime factors of 25129998.
2, 3, 127, 10993
What are the prime factors of 3185183?
163, 19541
What are the prime factors of 3521?
7, 503
What are the prime factors of 13768391?
7, 13, 71, 2131
List the prime factors of 768063.
3, 256021
What are the prime factors of 8967268?
2, 1427, 1571
What are the prime factors of 6414997?
311, 20627
List the prime factors of 762761.
762761
What are the prime factors of 16646483?
7, 2378069
What are the prime factors of 620480?
2, 5, 7, 277
List the prime factors of 276243.
3, 11, 761
What are the prime factors of 1203431?
911, 1321
List the prime factors of 174248.
2, 23, 947
What are the prime factors of 275302?
2, 179, 769
List the prime factors of 2175954.
2, 3, 11, 32969
What are the prime factors of 1483514?
2, 67, 11071
What are the prime factors of 213166?
2, 53, 2011
What are the prime factors of 7641342?
2, 3, 424519
What are the prime factors of 111987?
3, 23, 541
What are the prime factors of 11053023?
3, 137, 26893
What are the prime factors of 33566720?
2, 5, 11, 149
What are the prime factors of 3161172?
2, 3, 7, 37633
List the prime factors of 529738.
2, 11, 199
List the prime factors of 21520450.
2, 5, 7, 61487
What are the prime factors of 2281903?
13, 257, 683
List the prime factors of 65889.
3, 7321
List the prime factors of 695471.
7, 73, 1361
List the prime factors of 14021659.
991, 14149
List the prime factors of 1655510.
2, 5, 165551
List the prime factors of 2584276.
2, 431, 1499
What are the prime factors of 331828?
2, 7, 1693
List the prime factors of 172665.
3, 5, 1279
What are the prime factors of 7868907?
3, 19, 5113
List the prime factors of 3680122.
2, 239, 7699
List the prime factors of 332952.
2, 3, 13873
What are the prime factors of 83249?
17, 59, 83
List the prime factors of 715235.
5, 53, 2699
List the prime factors of 271596.
2, 3, 13, 1741
What are the prime factors of 84983?
17, 4999
List the prime factors of 1810308.
2, 3, 257, 587
List the prime factors of 360312.
2, 3, 15013
What are the prime factors of 15201379?
15201379
List the prime factors of 663328.
2, 19, 1091
What are the prime factors of 504031?
11, 45821
What are the prime factors of 1328130?
2, 3, 5, 4919
List the prime factors of 1879606.
2, 23, 29, 1409
What are the prime factors of 338183?
338183
List the prime factors of 257235.
3, 5, 11, 1559
What are the prime factors of 2768414?
2, 11, 19, 37, 179
List the prime factors of 2679585.
3, 5, 178639
What are the prime factors of 4190898?
2, 3, 698483
What are the prime factors of 263912?
2, 11, 2999
What are the prime factors of 403723?
487, 829
List the prime factors of 5388.
2, 3, 449
What are the prime factors of 176444?
2, 44111
List the prime factors of 181877.
31, 5867
List the prime factors of 1888979.
1888979
What are the prime factors of 192370?
2, 5, 19237
What are the prime factors of 979761?
3, 17, 19211
What are the prime factors of 1489357?
173, 8609
List the prime factors of 3298564.
2, 824641
What are the prime factors of 173453?
7, 71, 349
List the prime factors of 2487581.
2487581
What are the prime factors of 17379666?
2, 3, 67, 14411
What are the prime factors of 694449?
3, 7, 73, 151
List the prime factors of 3267277.
13, 19333
What are the prime factors of 1261737?
3, 37, 421
What are the prime factors of 14967357?
3, 4989119
What are the prime factors of 26592871?
331, 80341
What are the prime factors of 2314897?
13, 178069
What are the prime factors of 11908269?
3, 19, 139, 167
What are the prime factors of 324881?
19, 17099
What are the prime factors of 6746157?
3, 11, 83, 821
List the prime factors of 452322.
2, 3, 13, 1933
What are the prime factors of 3270130?
2, 5, 349, 937
What are the prime factors of 162124?
2, 40531
List the prime factors of 846982.
2, 19, 31, 719
List the prime factors of 38130590.
2, 5, 149, 157, 163
What are the prime factors of 2424376?
2, 179, 1693
What are the prime factors of 1123997?
7, 211, 761
What are the prime factors of 6149228?
2, 73, 21059
What are the prime factors of 2211879?
3, 737293
List the prime factors of 360138.
2, 3, 193, 311
What are the prime factors of 2373359?
47, 50497
List the prime factors of 1235852.
2, 509, 607
List the prime factors of 444584.
2, 7, 17, 467
What are the prime factors of 17009168?
2, 11, 96643
List the prime factors of 298580.
2, 5, 14929
What are the prime factors of 2267478?
2, 3, 23, 5477
List the prime factors of 537389.
181, 2969
List the prime factors of 53113.
53113
List the prime factors of 1148149.
613, 1873
What are the prime factors of 351653?
351653
List the prime factors of 5426656.
2, 169583
What are the prime factors of 1030031?
1030031
What are the prime factors of 429952?
2, 3359
What are the prime factors of 1695608?
2, 181, 1171
List the prime factors of 16650334.
2, 1811, 4597
List the prime factors of 239363.
59, 4057
What are the prime factors of 15252427?
23, 663149
What are the prime factors of 3269253?
3, 13, 17, 4931
List the prime factors of 194084.
2, 11, 401
What are the prime factors of 